what is 10001 - -1112?
11120
In base 2, what is 100100 - -1101011?
10001111
In base 2, what is -1 + -10000111?
-10001000
In base 16, what is -2bf + -2?
-2c1
In base 11, what is 4 - -48?
51
In base 14, what is -a0 - -5?
-99
In base 3, what is 10 - 101?
-21
In base 10, what is -7 + 3?
-4
In base 14, what is ca + 4?
d0
In base 2, what is 1100110000100 - 100?
1100110000000
In base 10, what is 10 - 13?
-3
In base 15, what is 0 - -23?
23
In base 11, what is 40 + 3?
43
In base 11, what is 349 + 40?
389
In base 7, what is -3 - -3105?
3102
In base 11, what is 6 - -3514?
351a
In base 6, what is 24 - 3321?
-3253
In base 10, what is 4 - 545?
-541
In base 14, what is -6ddc + 5?
-6dd7
In base 10, what is 0 - 96?
-96
In base 8, what is -14544 - -1?
-14543
In base 5, what is -1 + 113202?
113201
In base 13, what is 19 - -1?
1a
In base 14, what is -286 + -4?
-28a
In base 9, what is 4 - -316?
321
In base 5, what is -13324 - 10?
-13334
In base 14, what is -84 - -20?
-64
In base 9, what is -148 + 2?
-146
In base 12, what is 438 + 17?
453
In base 5, what is 231 + -2?
224
In base 11, what is -3 - 3268?
-3270
In base 5, what is -334 + 323?
-11
In base 2, what is 110101001001 - -100?
110101001101
In base 14, what is 5 + 75?
7a
In base 5, what is -4230 + -3?
-4233
In base 2, what is 1110011 + -1100?
1100111
In base 12, what is 0 - -43?
43
In base 4, what is 33 - -30?
123
In base 13, what is 662 + -1?
661
In base 12, what is -13822 - -2?
-13820
In base 7, what is -14 - -63?
46
In base 8, what is 25 + -765?
-740
In base 16, what is -1571 + 1?
-1570
In base 14, what is -9 - 66?
-71
In base 4, what is 13 - 20211?
-20132
In base 10, what is -1418 + -5?
-1423
In base 8, what is 17 + 655?
674
In base 13, what is -3 + 7?
4
In base 13, what is 1 - a1?
-a0
In base 6, what is -11 - 341?
-352
In base 3, what is 10002200 + 22?
10002222
In base 8, what is 3 - 240?
-235
In base 14, what is -d39 - 3?
-d3c
In base 14, what is a0 + 5?
a5
In base 2, what is 0 - -11010100000?
11010100000
In base 5, what is 24430 + -4?
24421
In base 8, what is 25 - -402?
427
In base 8, what is 3032 - 3?
3027
In base 3, what is 21 - 12000?
-11202
In base 14, what is 8c8 - -3?
8cb
In base 15, what is -32 + 1?
-31
In base 4, what is -13 - -2211?
2132
In base 11, what is 0 - -1a3?
1a3
In base 3, what is 1 - 20112?
-20111
In base 6, what is 35 + 3220?
3255
In base 14, what is 110 - 55?
99
In base 2, what is 10100001011 + 1000?
10100010011
In base 15, what is 3 + 241?
244
In base 8, what is 111 + 1?
112
In base 14, what is -25 - -1?
-24
In base 16, what is 0 - 43?
-43
In base 3, what is -200 + 2120?
1220
In base 11, what is 1 + 824?
825
In base 15, what is 3 + -366?
-363
In base 16, what is -63 - 1?
-64
In base 5, what is -1 + 11?
10
In base 4, what is 11 - 233?
-222
In base 7, what is 2 - -5362?
5364
In base 2, what is -100 - -100001000111?
100001000011
In base 13, what is -375 + -7?
-37c
In base 13, what is -4 + 72?
6b
In base 13, what is 44 - -6?
4a
In base 14, what is -75 + -5c?
-d3
In base 8, what is 3004 + -1?
3003
In base 12, what is -1 - 1305?
-1306
In base 4, what is 1 - -21232?
21233
In base 4, what is 0 + -213213?
-213213
In base 13, what is 3b - -5?
43
In base 5, what is -234 - 132?
-421
In base 5, what is -3333 + 3?
-3330
In base 8, what is 0 + -5404?
-5404
In base 11, what is 158 + 0?
158
In base 7, what is 4023 + -3?
4020
In base 2, what is -1011000 - 0?
-1011000
In base 10, what is 7 + -46?
-39
In base 16, what is -203 + -3?
-206
In base 4, what is -11 + -2000?
-2011
In base 6, what is -3 - -221?
214
In base 8, what is 60 + -601?
-521
In base 14, what is 1dc14 + 5?
1dc19
In base 4, what is 23011 + 111?
23122
In base 4, what is 3 - -233?
302
In base 8, what is -31 + 165?
134
In base 13, what is -2 - 55?
-57
In base 15, what is -15 + 15?
0
In base 4, what is 232 + -10?
222
In base 13, what is -9 + -1b?
-27
In base 3, what is 20 + 220?
1010
In base 4, what is 13 - 11?
2
In base 13, what is 8 + 11?
19
In base 3, what is 12002101 - -10?
12002111
In base 13, what is 107 - 3?
104
In base 7, what is 26 + -23?
3
In base 5, what is -3 + 12113?
12110
In base 12, what is -4b7 + 4?
-4b3
In base 9, what is -206 - 17?
-224
In base 10, what is 570 + -5?
565
In base 5, what is -11 + -14031?
-14042
In base 6, what is 2 - -334?
340
In base 4, what is 0 + -1032?
-1032
In base 8, what is -4027 + 0?
-4027
In base 4, what is 2033211 + 10?
2033221
In base 16, what is -c + -6?
-12
In base 10, what is 122 - -5?
127
In base 4, what is -201 - 101?
-302
In base 16, what is -9 - 41?
-4a
In base 13, what is -13 + 0?
-13
In base 6, what is 332 - 500?
-124
In base 6, what is -2211 + 2?
-2205
In base 16, what is -2 + -12?
-14
In base 12, what is 5 - b?
-6
In base 16, what is 8 + 33?
3b
In base 15, what is 3 - 35?
-32
In base 4, what is 10 + -20023?
-20013
In base 14, what is -46 - 9?
-51
In base 8, what is 206 + -13?
173
In base 4, what is 3 - -210?
213
In base 9, what is -204 + 4?
-200
In base 3, what is 2121 - -10?
2201
In base 15, what is 9c + -2?
9a
In base 10, what is -9 + -88?
-97
In base 5, what is -13 + -343?
-411
In base 8, what is -111 - -115?
4
In base 2, what is -1101101101 + 10?
-1101101011
In base 8, what is 1 - 5774?
-5773
In base 6, what is 33 - -103?
140
In base 13, what is 284 + 6?
28a
In base 16, what is -5c3 + 4?
-5bf
In base 12, what is -3 - 9b?
-a2
In base 2, what is 0 - 100010100?
-100010100
In base 13, what is -14c + -1?
-150
In base 9, what is -374 + -4?
-378
In base 11, what is -2a - -158?
129
In base 15, what is -4d + 5?
-48
In base 14, what is -8 - 0?
-8
In base 6, what is -13405 + -1?
-13410
In base 3, what is -2010 - 11020?
-20100
In base 6, what is -15320 - 5?
-15325
In base 13, what is 3 + -a1?
-9b
In base 8, what is -2 - 5176?
-5200
In base 5, what is -3 - 3134?
-3142
In base 14, what is 2 - 3d?
-3b
In base 16, what is -3 + c4?
c1
In base 3, what is -10 + -1111?
-1121
In base 11, what is 4 - -69?
72
In base 13, what is -325 - 0?
-325
In base 4, what is -2233 - -2?
-2231
In base 2, what is -10110111 + -10?
-10111001
In base 4, what is 3 + 12210?
12213
In base 13, what is -12 - 32?
-44
In base 3, what is -211102 - 102?
-211211
In base 13, what is 5 - -286b?
2873
In base 14, what is -4 + -39a?
-3a0
In base 7, what is 35641 - -1?
35642
In base 8, what is 3 - 256?
-253
In base 15, what is -1 - -6c?
6b
In base 11, what is 4928 + -1?
4927
In base 2, what is 1001110100 - 101?
1001101111
In base 2, what is 101111 + 101?
110100
In base 13, what is 2 - 1a?
-18
In base 16, what is -1 + -ae?
-af
In base 4, what is -3 - 321?
-330
In base 12, what is 2 + -137?
-135
In base 15, what is -3e1 + -2?
-3e3
In base 13, what is 11c6 - -3?
11c9
In base 5, what is -12 + 4?
-3
In base 3, what is 10 - 10101?
-10021
In base 7, what is 15 - 26?
-11
In base 13, what is 3 - -a4?
a7
In base 8, what is -10 - 126?
-136
In base 16, what is 13 - -37?
4a
In base 11, what is -83 + -1?
-84
In base 15, what is -aa1 - -1?
-aa0
In base 3, what is 22 - 1100101?
-1100002
In base 4, what is 12012 + 1?
12013
In base 15, what is 7 + 1d?
25
In base 3, what is -12 + -10121020?
-10121102
In base 6, what is 120 + 5?
125
In base 16, what is 6ba + 8?
6c2
In base 2, what is -10111011 + 10?
-10111001
In base 16, what is -46c + 5?
-467
In base 5, what is -21 + 3244?
3223
In base 6, what is 120 + 11?
131
In base 7, what is -10033 + -5?
-10041
In base 14, what is -90 + 4?
-8a
In base 11, what is 591 + 16?
5a7
In base 6, what is -23 - 51?
-114
In base 4, what is -20 - -123?
103
In base 12, what is -13 - 42?
-55
In base 8, what is -75 - -2?
-73
In base 2, what is -101001100 - 0?
-101001100
In base 2, what is 1011011 - 11?
1011000
In base 7, what is 30 + -260?
-230
In base 7, what is 26 - -66?
125
In base 3, what is 12 + 10?
22
In base 11, what is -1 - 62?
-63
In base 3, what is -121 + -212?
-1110
In base 8, what is 376 + 1?
377
In base 11, what is 6a48 + 3?
6a50
In base 2, what is 11011111000 + 1?
11011111001
In base 16, what is -30 - 3?
-33
In base 9, what is 2 - -661?
663
In base 9, what is -5264 - 1?
-5265
In base 7, what is -3 - -125?
122
In base 11, what is 1 + -2075?
-2074
In base 5, what is -1240 + 1?
-1234
In base 12, what is -1 + -15?
-16
In base 2, what is 101000 + 100?
101100
In base 7, what is 2320 - -2?
2322
In base 5, what is 4 + -121103